{"id":3524,"date":"2019-07-14T14:21:25","date_gmt":"2019-07-14T14:21:25","guid":{"rendered":"https:\/\/ergewa-erfurt.de\/?page_id=3524"},"modified":"2019-07-16T13:56:53","modified_gmt":"2019-07-16T13:56:53","slug":"gewerbepark-kuehnhausen","status":"publish","type":"page","link":"https:\/\/ergewa-erfurt.de\/?page_id=3524","title":{"rendered":"Gewerbeparks in K\u00fchnhausen und Bindersleben"},"content":{"rendered":"<div  class='avia-slideshow av-jy2xs6y9-f92409f47f3664229ea789521c86c853 avia-slideshow-featured av_slideshow avia-slide-slider  avia-builder-el-0  el_before_av_one_fifth  avia-builder-el-first  av-slideshow-ui av-control-default av-slideshow-autoplay av-loop-endless av-loop-manual-endless av-default-height-applied avia-slideshow-1' data-slideshow-options=\"{&quot;animation&quot;:&quot;slide&quot;,&quot;autoplay&quot;:true,&quot;loop_autoplay&quot;:&quot;endless&quot;,&quot;interval&quot;:5,&quot;loop_manual&quot;:&quot;manual-endless&quot;,&quot;autoplay_stopper&quot;:false,&quot;noNavigation&quot;:false,&quot;bg_slider&quot;:false,&quot;keep_padding&quot;:false,&quot;hoverpause&quot;:false,&quot;show_slide_delay&quot;:0}\"  itemprop=\"image\" itemscope=\"itemscope\" itemtype=\"https:\/\/schema.org\/ImageObject\" ><ul class='avia-slideshow-inner ' style='padding-bottom: 34.791666666667%;'><li  class='avia-slideshow-slide av-jy2xs6y9-f92409f47f3664229ea789521c86c853__0  slide-1 slide-odd'><div data-rel='slideshow-1' class='avia-slide-wrap '   ><img decoding=\"async\" fetchpriority=\"high\" class=\"wp-image-3484 avia-img-lazy-loading-not-3484\"  src=\"https:\/\/ergewa-erfurt.de\/wp-content\/uploads\/2019\/07\/3574789f900d50503_eyecatcher.jpg\" width=\"960\" height=\"334\" title='3574789f900d50503_eyecatcher' alt=''  itemprop=\"thumbnailUrl\" srcset=\"https:\/\/ergewa-erfurt.de\/wp-content\/uploads\/2019\/07\/3574789f900d50503_eyecatcher.jpg 960w, https:\/\/ergewa-erfurt.de\/wp-content\/uploads\/2019\/07\/3574789f900d50503_eyecatcher-300x104.jpg 300w, https:\/\/ergewa-erfurt.de\/wp-content\/uploads\/2019\/07\/3574789f900d50503_eyecatcher-768x267.jpg 768w, https:\/\/ergewa-erfurt.de\/wp-content\/uploads\/2019\/07\/3574789f900d50503_eyecatcher-705x245.jpg 705w, https:\/\/ergewa-erfurt.de\/wp-content\/uploads\/2019\/07\/3574789f900d50503_eyecatcher-450x157.jpg 450w\" sizes=\"(max-width: 960px) 100vw, 960px\" \/><\/div><\/li><li  class='avia-slideshow-slide av-jy2xs6y9-f92409f47f3664229ea789521c86c853__1  slide-2 slide-even'><div data-rel='slideshow-1' class='avia-slide-wrap '   ><img decoding=\"async\" fetchpriority=\"high\" class=\"wp-image-3501 avia-img-lazy-loading-not-3501\"  src=\"https:\/\/ergewa-erfurt.de\/wp-content\/uploads\/2019\/07\/img_9677_eyecatcher.jpg\" width=\"960\" height=\"334\" title='img_9677_eyecatcher' alt=''  itemprop=\"thumbnailUrl\" srcset=\"https:\/\/ergewa-erfurt.de\/wp-content\/uploads\/2019\/07\/img_9677_eyecatcher.jpg 960w, https:\/\/ergewa-erfurt.de\/wp-content\/uploads\/2019\/07\/img_9677_eyecatcher-300x104.jpg 300w, https:\/\/ergewa-erfurt.de\/wp-content\/uploads\/2019\/07\/img_9677_eyecatcher-768x267.jpg 768w, https:\/\/ergewa-erfurt.de\/wp-content\/uploads\/2019\/07\/img_9677_eyecatcher-705x245.jpg 705w, https:\/\/ergewa-erfurt.de\/wp-content\/uploads\/2019\/07\/img_9677_eyecatcher-450x157.jpg 450w\" sizes=\"(max-width: 960px) 100vw, 960px\" \/><\/div><\/li><\/ul><div class='avia-slideshow-arrows avia-slideshow-controls' ><a href='#prev' class='prev-slide  avia-svg-icon avia-font-svg_entypo-fontello' data-av_svg_icon='left-open-big' data-av_iconset='svg_entypo-fontello' tabindex='-1' title=\"Zur\u00fcck\"><svg version=\"1.1\" xmlns=\"http:\/\/www.w3.org\/2000\/svg\" width=\"15\" height=\"32\" viewBox=\"0 0 15 32\" preserveAspectRatio=\"xMidYMid meet\" aria-labelledby='av-svg-title-1' aria-describedby='av-svg-desc-1' role=\"graphics-symbol\" aria-hidden=\"true\">\n<title id='av-svg-title-1'>Zur\u00fcck<\/title>\n<desc id='av-svg-desc-1'>Zur\u00fcck<\/desc>\n<path d=\"M14.464 27.84q0.832 0.832 0 1.536-0.832 0.832-1.536 0l-12.544-12.608q-0.768-0.768 0-1.6l12.544-12.608q0.704-0.832 1.536 0 0.832 0.704 0 1.536l-11.456 11.904z\"><\/path>\n<\/svg><span class='avia_hidden_link_text'>Zur\u00fcck<\/span><\/a><a href='#next' class='next-slide  avia-svg-icon avia-font-svg_entypo-fontello' data-av_svg_icon='right-open-big' data-av_iconset='svg_entypo-fontello' tabindex='-1' title=\"Weiter\"><svg version=\"1.1\" xmlns=\"http:\/\/www.w3.org\/2000\/svg\" width=\"15\" height=\"32\" viewBox=\"0 0 15 32\" preserveAspectRatio=\"xMidYMid meet\" aria-labelledby='av-svg-title-2' aria-describedby='av-svg-desc-2' role=\"graphics-symbol\" aria-hidden=\"true\">\n<title id='av-svg-title-2'>Weiter<\/title>\n<desc id='av-svg-desc-2'>Weiter<\/desc>\n<path d=\"M0.416 27.84l11.456-11.84-11.456-11.904q-0.832-0.832 0-1.536 0.832-0.832 1.536 0l12.544 12.608q0.768 0.832 0 1.6l-12.544 12.608q-0.704 0.832-1.536 0-0.832-0.704 0-1.536z\"><\/path>\n<\/svg><span class='avia_hidden_link_text'>Weiter<\/span><\/a><\/div><div class='avia-slideshow-dots avia-slideshow-controls'><a href='#1' class='goto-slide active' >1<\/a><a href='#2' class='goto-slide ' >2<\/a><\/div><\/div>\n\n<style type=\"text\/css\" data-created_by=\"avia_inline_auto\" id=\"style-css-av-41nrss-d43d4b4ddbbe46a37c08021632f3e70e\">\n.flex_column.av-41nrss-d43d4b4ddbbe46a37c08021632f3e70e{\nborder-radius:0px 0px 0px 0px;\npadding:0px 0px 0px 0px;\n}\n<\/style>\n<div  class='flex_column av-41nrss-d43d4b4ddbbe46a37c08021632f3e70e av_one_fifth  avia-builder-el-1  el_after_av_slideshow  el_before_av_three_fifth  first flex_column_div av-zero-column-padding  '     ><\/div>\n\n<style type=\"text\/css\" data-created_by=\"avia_inline_auto\" id=\"style-css-av-2kou3w-1961e0bbf507731368807218c7275aab\">\n.flex_column.av-2kou3w-1961e0bbf507731368807218c7275aab{\nborder-radius:0px 0px 0px 0px;\npadding:0px 0px 0px 0px;\n}\n<\/style>\n<div  class='flex_column av-2kou3w-1961e0bbf507731368807218c7275aab av_three_fifth  avia-builder-el-2  el_after_av_one_fifth  el_before_av_one_fifth  flex_column_div av-zero-column-padding  '     ><p>\n<style type=\"text\/css\" data-created_by=\"avia_inline_auto\" id=\"style-css-av-jy5vj51k-e56c88dda347f38dfdb37a158b2a53a6\">\n#top .av-special-heading.av-jy5vj51k-e56c88dda347f38dfdb37a158b2a53a6{\npadding-bottom:10px;\ncolor:#28532d;\n}\nbody .av-special-heading.av-jy5vj51k-e56c88dda347f38dfdb37a158b2a53a6 .av-special-heading-tag .heading-char{\nfont-size:25px;\n}\n.av-special-heading.av-jy5vj51k-e56c88dda347f38dfdb37a158b2a53a6 .special-heading-inner-border{\nborder-color:#28532d;\n}\n.av-special-heading.av-jy5vj51k-e56c88dda347f38dfdb37a158b2a53a6 .av-subheading{\nfont-size:15px;\n}\n<\/style>\n<div  class='av-special-heading av-jy5vj51k-e56c88dda347f38dfdb37a158b2a53a6 av-special-heading-h1 custom-color-heading blockquote modern-quote  avia-builder-el-3  el_before_av_textblock  avia-builder-el-first  text-transform uppercase'><h1 class='av-special-heading-tag '  itemprop=\"headline\"  >Gewerbepark K\u00fchnhausen<\/h1><div class=\"special-heading-border\"><div class=\"special-heading-inner-border\"><\/div><\/div><\/div><br \/>\n<section  class='av_textblock_section av-jy2xj0ib-9358a229efc1a9715141a126ec05cb18 '   itemscope=\"itemscope\" itemtype=\"https:\/\/schema.org\/CreativeWork\" ><div class='avia_textblock'  itemprop=\"text\" ><p>Der Standort befindet sich im Ortsteil K\u00fchnhausen im Norden der Stadt. In unmittelbarer N\u00e4he<br \/>\nbefindet sich die Autobahn A71 und die Bundesstra\u00dfe 4.<\/p>\n<p>Wir bieten Ihnen an diesem Standort ebenerdige\u00a0Gewerbe- und Lagerfl\u00e4chen.<\/p>\n<p>&#8211; Gr\u00f6\u00dfe der Mieteinheit nach Bedarf<br \/>\n&#8211; Parkpl\u00e4tze ausreichend vorhanden<\/p>\n<\/div><\/section><br \/>\n\n<style type=\"text\/css\" data-created_by=\"avia_inline_auto\" id=\"style-css-av-jy2y6wmt-cad5bc4053a7737d980a9e04bef81e7e\">\n#top .hr.hr-invisible.av-jy2y6wmt-cad5bc4053a7737d980a9e04bef81e7e{\nheight:50px;\n}\n<\/style>\n<div  class='hr av-jy2y6wmt-cad5bc4053a7737d980a9e04bef81e7e hr-invisible  avia-builder-el-5  el_after_av_textblock  el_before_av_image '><span class='hr-inner '><span class=\"hr-inner-style\"><\/span><\/span><\/div><br \/>\n\n<style type=\"text\/css\" data-created_by=\"avia_inline_auto\" id=\"style-css-av-jy2xmf26-746b9ea87413f4415c49b994eb1998d0\">\n.avia-image-container.av-jy2xmf26-746b9ea87413f4415c49b994eb1998d0 img.avia_image{\nbox-shadow:none;\n}\n.avia-image-container.av-jy2xmf26-746b9ea87413f4415c49b994eb1998d0 .av-image-caption-overlay-center{\ncolor:#ffffff;\n}\n<\/style>\n<div  class='avia-image-container av-jy2xmf26-746b9ea87413f4415c49b994eb1998d0 av-styling- avia_animated_image av-animated-when-visible-95 fade-in avia-align-center  avia-builder-el-6  el_after_av_hr  avia-builder-el-last '   itemprop=\"image\" itemscope=\"itemscope\" itemtype=\"https:\/\/schema.org\/ImageObject\" ><div class=\"avia-image-container-inner\"><div class=\"avia-image-overlay-wrap\"><img decoding=\"async\" fetchpriority=\"high\" class='wp-image-3509 avia-img-lazy-loading-not-3509 avia_image ' src=\"https:\/\/ergewa-erfurt.de\/wp-content\/uploads\/2019\/07\/kuehn2_668-1-495x400.jpg\" alt='' title='kuehn2_668'  height=\"400\" width=\"495\"  itemprop=\"thumbnailUrl\"  \/><\/div><\/div><\/div><\/p><\/div>\n<style type=\"text\/css\" data-created_by=\"avia_inline_auto\" id=\"style-css-av-av_one_fifth-da852e3ef3e55b029d2629c41a20524d\">\n.flex_column.av-av_one_fifth-da852e3ef3e55b029d2629c41a20524d{\nborder-radius:0px 0px 0px 0px;\npadding:0px 0px 0px 0px;\n}\n<\/style>\n<div  class='flex_column av-av_one_fifth-da852e3ef3e55b029d2629c41a20524d av_one_fifth  avia-builder-el-7  el_after_av_three_fifth  el_before_av_one_fifth  flex_column_div av-zero-column-padding  '     ><\/div><\/p>\n\n<style type=\"text\/css\" data-created_by=\"avia_inline_auto\" id=\"style-css-av-av_one_fifth-1e26125d131ba13f1accaa8241be1528\">\n.flex_column.av-av_one_fifth-1e26125d131ba13f1accaa8241be1528{\nborder-radius:0px 0px 0px 0px;\npadding:0px 0px 0px 0px;\n}\n<\/style>\n<div  class='flex_column av-av_one_fifth-1e26125d131ba13f1accaa8241be1528 av_one_fifth  avia-builder-el-8  el_after_av_one_fifth  el_before_av_three_fifth  first flex_column_div av-zero-column-padding  column-top-margin'     ><\/div>\n\n<style type=\"text\/css\" data-created_by=\"avia_inline_auto\" id=\"style-css-av-2kou3w-1961e0bbf507731368807218c7275aab\">\n.flex_column.av-2kou3w-1961e0bbf507731368807218c7275aab{\nborder-radius:0px 0px 0px 0px;\npadding:0px 0px 0px 0px;\n}\n<\/style>\n<div  class='flex_column av-2kou3w-1961e0bbf507731368807218c7275aab av_three_fifth  avia-builder-el-9  el_after_av_one_fifth  avia-builder-el-last  flex_column_div av-zero-column-padding  column-top-margin'     ><p>\n<style type=\"text\/css\" data-created_by=\"avia_inline_auto\" id=\"style-css-av-jy5vj51k-1a27899d275a428dac8f6bf02255cf20\">\n#top .av-special-heading.av-jy5vj51k-1a27899d275a428dac8f6bf02255cf20{\npadding-bottom:10px;\ncolor:#28532d;\n}\nbody .av-special-heading.av-jy5vj51k-1a27899d275a428dac8f6bf02255cf20 .av-special-heading-tag .heading-char{\nfont-size:25px;\n}\n.av-special-heading.av-jy5vj51k-1a27899d275a428dac8f6bf02255cf20 .special-heading-inner-border{\nborder-color:#28532d;\n}\n.av-special-heading.av-jy5vj51k-1a27899d275a428dac8f6bf02255cf20 .av-subheading{\nfont-size:15px;\n}\n<\/style>\n<div  class='av-special-heading av-jy5vj51k-1a27899d275a428dac8f6bf02255cf20 av-special-heading-h1 custom-color-heading blockquote modern-quote  avia-builder-el-10  el_before_av_textblock  avia-builder-el-first  text-transform uppercase'><h1 class='av-special-heading-tag '  itemprop=\"headline\"  >Gewerbepark  Bindersleben<\/h1><div class=\"special-heading-border\"><div class=\"special-heading-inner-border\"><\/div><\/div><\/div><br \/>\n<section  class='av_textblock_section av-jy2xj0ib-9358a229efc1a9715141a126ec05cb18 '   itemscope=\"itemscope\" itemtype=\"https:\/\/schema.org\/CreativeWork\" ><div class='avia_textblock'  itemprop=\"text\" ><p>Im westlichen Ortsteil Bindersleben befindet sich dieser Standort. Verkehrstechnisch g\u00fcnstig \u00fcber die Bundesstra\u00dfe 7 und die Autobahn 71 erreichbar.<\/p>\n<p>Wir bieten Ihnen an diesem Standort ebenerdige\u00a0Gewerbe- und Lagerfl\u00e4chen.<\/p>\n<p>\u2013 Gr\u00f6\u00dfe der Mieteinheit nach Bedarf<br \/>\n\u2013 Parkpl\u00e4tze ausreichend vorhanden<\/p>\n<\/div><\/section><br \/>\n\n<style type=\"text\/css\" data-created_by=\"avia_inline_auto\" id=\"style-css-av-jy2y6wmt-cad5bc4053a7737d980a9e04bef81e7e\">\n#top .hr.hr-invisible.av-jy2y6wmt-cad5bc4053a7737d980a9e04bef81e7e{\nheight:50px;\n}\n<\/style>\n<div  class='hr av-jy2y6wmt-cad5bc4053a7737d980a9e04bef81e7e hr-invisible  avia-builder-el-12  el_after_av_textblock  el_before_av_image '><span class='hr-inner '><span class=\"hr-inner-style\"><\/span><\/span><\/div><br \/>\n\n<style type=\"text\/css\" data-created_by=\"avia_inline_auto\" id=\"style-css-av-jy2xmf26-0091c3d41878936f3a634f975f0b6d99\">\n.avia-image-container.av-jy2xmf26-0091c3d41878936f3a634f975f0b6d99 img.avia_image{\nbox-shadow:none;\n}\n.avia-image-container.av-jy2xmf26-0091c3d41878936f3a634f975f0b6d99 .av-image-caption-overlay-center{\ncolor:#ffffff;\n}\n<\/style>\n<div  class='avia-image-container av-jy2xmf26-0091c3d41878936f3a634f975f0b6d99 av-styling- avia_animated_image av-animated-when-visible-95 fade-in avia-align-center  avia-builder-el-13  el_after_av_hr  avia-builder-el-last '   itemprop=\"image\" itemscope=\"itemscope\" itemtype=\"https:\/\/schema.org\/ImageObject\" ><div class=\"avia-image-container-inner\"><div class=\"avia-image-overlay-wrap\"><img decoding=\"async\" fetchpriority=\"high\" class='wp-image-3622 avia-img-lazy-loading-not-3622 avia_image ' src=\"https:\/\/ergewa-erfurt.de\/wp-content\/uploads\/2019\/07\/img_9677_eyecatcher-1-845x334.jpg\" alt='' title='Bindersleben'  height=\"334\" width=\"845\"  itemprop=\"thumbnailUrl\"  \/><\/div><\/div><\/div><\/p><\/div>\n","protected":false},"excerpt":{"rendered":"","protected":false},"author":1,"featured_media":0,"parent":0,"menu_order":0,"comment_status":"closed","ping_status":"closed","template":"","meta":{"footnotes":""},"class_list":["post-3524","page","type-page","status-publish","hentry"],"_links":{"self":[{"href":"https:\/\/ergewa-erfurt.de\/index.php?rest_route=\/wp\/v2\/pages\/3524","targetHints":{"allow":["GET"]}}],"collection":[{"href":"https:\/\/ergewa-erfurt.de\/index.php?rest_route=\/wp\/v2\/pages"}],"about":[{"href":"https:\/\/ergewa-erfurt.de\/index.php?rest_route=\/wp\/v2\/types\/page"}],"author":[{"embeddable":true,"href":"https:\/\/ergewa-erfurt.de\/index.php?rest_route=\/wp\/v2\/users\/1"}],"replies":[{"embeddable":true,"href":"https:\/\/ergewa-erfurt.de\/index.php?rest_route=%2Fwp%2Fv2%2Fcomments&post=3524"}],"version-history":[{"count":5,"href":"https:\/\/ergewa-erfurt.de\/index.php?rest_route=\/wp\/v2\/pages\/3524\/revisions"}],"predecessor-version":[{"id":3624,"href":"https:\/\/ergewa-erfurt.de\/index.php?rest_route=\/wp\/v2\/pages\/3524\/revisions\/3624"}],"wp:attachment":[{"href":"https:\/\/ergewa-erfurt.de\/index.php?rest_route=%2Fwp%2Fv2%2Fmedia&parent=3524"}],"curies":[{"name":"wp","href":"https:\/\/api.w.org\/{rel}","templated":true}]}}